*u**4. Suppose 0 = -5*g + 3*h + 9, 4*g + h - 6 = 3*h. Determine x(g).
3
Let n(u) = -8*u. Let w(p) = -p**3 + 7*p**2 + 12*p - 22. Let v be w(8). Suppose -14*c - 8 = -v*c. Give n(c).
16
Let f = 1558 - 1567. Let i(k) = k**3 + 7*k**2 - 15*k + 26. Calculate i(f).
-1
Let a be (-2)/(-2)*1*5. Let m(y) be the third derivative of -y**6/120 + y**5/15 + y**4/8 + y**3 - 182678*y**2. Give m(a).
-4
Let o(i) be the second derivative of i**5/40 - 5*i**4/24 - 5*i**3/6 + i**2 - 4*i - 13. Let v(z) be the second derivative of o(z). Give v(7).
16
Let y(g) = 7*g**2 - 5. Let l be (2/5)/(3/(-45)). Let n(a) = -a + 2*a - 1 + 4*a**2 + 4*a**2 - 5. Let m(j) = l*n(j) + 7*y(j). Determine m(7).
8
Let n(k) = 2*k**2 + 5*k + 6. Let h(q) = 3*q**2 + 23*q + 17. Let g(x) = x**2 + x - 2. Let w(r) = 4*g(r) - h(r). Let z be w(20). Give n(z).
31
Let p be (-2 + 1 - 0)*1. Let b(h) = h**2 + h. Let l(w) = w**3 + 2*w**2 - 9*w - 9. Let a(s) = p*l(s) - 3*b(s). Determine a(-6).
9
Let i(a) = 7*a + 15. Let z(x) = 9*x + 28. Let c(p) = -10*p - 29. Let l(u) = 3*c(u) + 2*z(u). Let k(d) = 5*i(d) + 3*l(d). Calculate k(-15).
-3
Let u(i) = -38*i + 38. Let w(q) = 25*q - 27. Let b(o) = -9*u(o) - 14*w(o). Give b(7).
-20
Suppose -11*w = -5*w + 6. Let l be (-2)/7 + 2276/28. Let b(c) = 1 - 78*c + l*c + 0. Determine b(w).
-2
Let o = 24551 - 24553. Let v(j) = 7*j + 19. Calculate v(o).
5
Let h(l) = 2*l + 2. Let w(d) be the third derivative of -d**4/24 - d**3/6 + d**2 + 18. Let g be w(1). Give h(g).
-2
Let v = 177 + -188. Let z(f) = -49*f**2 - 39*f + 30. Let q(r) = -9*r**2 - 8*r + 6. Let j(d) = v*q(d) + 2*z(d). What is j(-9)?
-15
Let z(h) = -2*h + 6. Let y(d) = d**2 + 28*d + 17. Let s be y(-27). Let m(l) = -l**3 - 10*l**2 - 3*l - 25. Let x be m(s). Give z(x).
-4
Let v = 7315 - 7314. Let w(a) = 157*a**3 + a**2 + a - 1. Give w(v).
158
Let f(j) be the first derivative of -j**5/20 + j**4/2 - 2*j**2 + 5*j - 53. Let h(w) be the first derivative of f(w). Let c = 18 + -12. Determine h(c).
-4
Let f be (11/(-5) - -1)/(3/10). Let p(y) = -y**3 - 9*y**2 + 4*y + 9. Let q be p(f). Let w = q - -89. Let d(g) = -2*g**2 - g - 2. What is d(w)?
-12
Let z(v) = 8*v + 10. Let b(s) = s**3 + 5*s**2 + 7*s + 1. Let i be b(-1). What is z(i)?
-6
Suppose 0*b - 5*b = -5*p, 5*p - 33 = -6*b. Let l(t) be the third derivative of -t**5/60 - t**4/24 + t**3/2 - 5*t**2. Give l(b).
-9
Suppose 2*p + 15 = 5*b - 3, 0 = -3*p - 2*b - 8. Let h(x) = -x**2 + 8*x - 9. Let v be h(4). Let l(s) = -2*s + 9*s**2 - 12*s**2 - v + 1 + 2*s**2. Give l(p).
-14
Let j(m) be the third derivative of m**4/12 + 3*m**3 + 2*m**2. Suppose 63 = -4*d - d - 2*q, -d = 5*q + 31. Let y be j(d). Let u(z) = 4*z + 5. Give u(y).
-11
Let i = -18 - -32. Let n be -1 + 3 - (i - 15). Let p(d) = n*d - 4*d + 10 - 2*d**2 - 11. Give p(-1).
-2
Let g(j) be the second derivative of -j**3/6 - 3*j**2 - 4*j. Let m = 352 - 341. Suppose -4*h + 9*k - m*k + 22 = 0, 0 = 3*k + 3. Calculate g(h).
-12
Let w(i) = 15*i**2 - 415*i + 22. Let u(y) = 7*y**2 - 168*y + 10. Let n(d) = 5*u(d) - 2*w(d). Determine n(4).
46
Suppose w = -3*p - 2*w + 264, 164 = 2*p - 4*w. Suppose -p = -16*n + 10. Let o(x) = -5*x - 6. Determine o(n).
-36
Let c(h) = -4*h**3. Suppose -4*x + 174 = 174. Suppose 14*n - 20 + 34 = x. Calculate c(n).
4
Let b = 7 + -5. Suppose t + 4 - b = 0. Let y(g) = 1 - g**2 + 310*g - 312*g - 28*g**3 + 29*g**3. Determine y(t).
-7
Let o(h) = -9*h + 74. Let g = 9400 + -9392. What is o(g)?
2
Let f(k) = 3*k - 3. Let y(c) = -1 - 5*c + 11*c + 4*c - 9. Let a(i) = -7*f(i) + 2*y(i). What is a(2)?
-1
Suppose -84*w - 82*w = -2*w + 1640. Let z(n) = n**3 + 11*n**2 + 5*n + 13. What is z(w)?
63
Suppose 0 = 3*r - 3*j - 45, -10 = -0*r - 2*r - 2*j. Suppose 4*m - 14 = -5*n + 11, -r = -2*n + 4*m. Let l(u) = -4 - 4*u**2 + u + 0*u**2 + n*u**2. Determine l(3).
8
Let a = 100942 + -100935. Suppose 3*v - 4 - 2 = 0. Let o(k) = -2*k**2 - 7*k - v*k**2 + 5*k**2 + 4. What is o(a)?
4
Suppose 9 = 87*n - 84*n. Suppose 0 = -4*x + 4*l - 16, 5*x = n*x + 4*l - 18. Let w(y) = 6*y**3 + 3*y**2 - 3*y + 1. Determine w(x).
7
Let g(a) = -a**2 - 8*a - 7. Let s = -67 - -61. Let j be g(s). Let o(d) = d + 10 - j + 4. What is o(-7)?
2
Suppose 162 = -14*f + 134. Let r(o) = -o + 1. Let y(t) = -9*t - 1. Let h(i) = f*r(i) + y(i). Suppose 2*n + 5*d = d - 4, 4*d = -n - 2. What is h(n)?
11
Let y(o) = 6*o**2 - 10*o + 9. Let k be y(-5). Suppose -k = -59*g + 86. Let t(m) = -m**2 + 8*m - 12. Give t(g).
3
Suppose 13*t + 286 = 6734. Suppose 494*d - t*d - 12 = 0. Let w(h) = -3*h - 3. Calculate w(d).
15
Let v(j) = 2*j**2 - 5*j + 2. Suppose -214 - 396 = 5*l. Let n = -117 - l. Suppose -n*a = -11*a + 18. What is v(a)?
5
Let p be ((-4)/(-12) + (-5)/6)/((-9)/(-126)). Let c(l) be the second derivative of -l**5/20 - 2*l**4/3 - 3*l**3/2 + 7*l**2/2 + 3*l. What is c(p)?
21
Let r(k) be the second derivative of -k**5/20 + k**4/2 + 4*k**3/3 - 4*k**2 + 485*k. Give r(7).
-1
Let z(f) = 2*f**2 - 42*f - 9. Suppose -64 - 9 = -3*b - 5*p, 3*p - 90 = -4*b. Give z(b).
-9
Let k(m) = 11*m - 12*m - 34*m + 30*m - 5. Let i = -6 + -1. Determine k(i).
30
Let b(m) = 6*m - 13. Let j be b(3). Let v(x) = -x + 8. What is v(j)?
3
Let m(o) be the third derivative of -o**4/12 + 4*o**3 - 136*o**2 - 6*o - 1. What is m(12)?
0
Suppose 3*f + 21 = 4*b - 0*b, b + 4*f + 9 = 0. Let i(q) = -q**3 + 4*q**2 + 2*q - 2. What is i(b)?
13
Let h = 2695 - 2695. Let l(c) = c**2 - c - 15. Give l(h).
-15
Let d(w) be the first derivative of -23*w**2/2 - 416*w - 594. Determine d(-18).
-2
Let b(c) be the second derivative of -136*c + 0 - 1/3*c**3 + 1/20*c**5 - 17/2*c**2 + c**4. Determine b(-12).
7
Suppose -5*m + f + 3 = 0, -5*f + 10 = 25. Suppose -4*d + 0*d - 3*n - 14 = m, 0 = -5*d - n - 23. Let g(k) = -28*k - 23*k + 94*k - 24*k - 18*k + 2. What is g(d)?
-3
Let j(s) = s**2 + 5*s + 34 - 4*s - 24. Let f be 5/2*56/35. Suppose -n = -f*n. What is j(n)?
10
Suppose -6278 + 6012 = 38*t. Let f(x) = 22*x + 149. What is f(t)?
-5
Let z(r) = r**3 + 15*r**2 + 4*r + 66. Let x be z(-15). Let c(s) = 2*s + 6 - 26 + 0. What is c(x)?
-8
Let i(n) = 3*n - 5. Let s(b) = -719*b + 367*b - 5 + 356*b. Let h = -7 + 14. Let m(r) = h*i(r) - 6*s(r). Calculate m(-5).
10
Let j(o) = 2*o - 4. Let t be (1 - -1)/(1*6/15). Let f be j(t). Let p be f/4 + (-5)/2. Let x(a) = -2*a + 1. What is x(p)?
3
Let u(g) = -g**2 + 28579*g - 28579*g - 503*g**3 + 526*g**3. Determine u(-1).
-24
Let u(m) = m**3 - 5*m**2 + 9*m - 12. Let b be (152 - 147)/((-37)/(-36) + (-14)/(-63)). Give u(b).
8
Suppose 5 = -4*p + 5*r, 4*p + 3*r - 7*r = 0. Let i(w) = -2*w**2 - 5*w**2 + 6*w**2 + 2 - p. Determine i(5).
-28
Let u be (6*3/(-45))/((-10)/(-150)). Let t(j) = -j + 3*j + 4 - 3. Calculate t(u).
-11
Suppose -3*v - 45 = 2*m - 37, -4*m + 26 = -v. Let y(w) = -w**3 + w**2 + 11*w + 2. Calculate y(m).
-43
Let i(n) be the first derivative of n**6/120 - n**5/10 - 5*n**4/12 + n**3 + 45*n**2/2 - 121. Let o(p) be the second derivative of i(p). Calculate o(7).
-15
Suppose -9*a = -1606 - 788. Let z be a/76*(-12)/(-7). Let p(q) = q**2 - 4*q - 2. What is p(z)?
10
Let k(a) be the first derivative of -a**3 + 5*a**2/2 + 2*a - 1. Let x = -1071141 + 1071138. Give k(x).
-40
Let f be 0/(4/(-2)*1). Suppose -d + h + 6 = 0, h = -d + 4*d - 10. Let y(j) = 49*j**2 - 14*j**2 - 10*j**2 + 9 + j - 9*j**d - 15*j**2. Calculate y(f).
9
Let c(r) = -r**3 - 5*r**2 - 6*r - 4. Let g(j) be the first derivative of -3*j**2 - 82*j - 8. Let f be g(-13). Give c(f).
4
Let z(u) = -4*u + 6. Let q(k) = 2*k**2 + 21*k + 26. Let b be q(-8). Let c(g) = g - 1. Let v(s) = b*c(s) - 2*z(s). Determine v(2).
-10
Let c(t) = -t**3 - 16*t**2 + 14*t - 13. Let z be ((-36)/8)/(6/16) + 0 + -5. Determine c(z).
38
Let o(v) = -4*v + v + 1 - 404*v**2 + 829*v**2 - 402*v**2. What is o(1)?
21
Let g = 8 - 5. Let p(w) = 6*w**3 - 5*w**2 + 20 - 26 - 5*w**3 - 9*w. Let t(q) = q**3 - 6*q**2 - 11*q - 8. Let h(x) = 4*p(x) - 3*t(x). Determine h(g).
0
Let y(i) = 34*i - 40 + 33*i - 101*i + 23*i + i**2. Determine y(13).
-14
Let m(s) be the third derivative of s**6/120 - s**5/10 + s**4/3 - s**3/3 + 4557*s**2. Let q = -15 + 21. Determine m(q).
46
Let q(l) = l**2 + 4*l - 5. Suppose 0 = -7*x + 4*x + 18. Suppose 3*u - x*u + 114 = 0. Let d = u + -43. What is q(d)?
0
Let f = 0 - 0. Let d(a) be the first derivative of a**4/24 + 3*a**3/2 - 59*a**2 - 24. Let x(z) be the second derivative of d(z). Calculate